{"id":13,"date":"2024-12-09T13:19:36","date_gmt":"2024-12-09T13:19:36","guid":{"rendered":"https:\/\/restaurantvalentina.ro\/?page_id=13"},"modified":"2024-12-09T13:28:52","modified_gmt":"2024-12-09T13:28:52","slug":"13-2","status":"publish","type":"page","link":"https:\/\/restaurantvalentina.ro\/","title":{"rendered":""},"content":{"rendered":"\r\n<p>&nbsp;<\/p>\r\n\r\n\r\n\r\n<div class=\"wp-block-jetpack-contact-info\">\r\n<p>&lt;meta name=&#8221;description&#8221; content=&#8221;Comand\u0103 online sau rezerv\u0103 o mas\u0103 instant! La Restaurant Valentina in Motru te r\u0103sf\u0103\u021b\u0103m cu m\u00e2ncare Coffee, Salads, Pizza, Fast Food \u2013 \u00eencearc\u0103 acum! Te a\u0219tept\u0103m cu delicii alese, preparate din ingrediente proaspete! La Restaurant Valentina, re\u021beta succesului este simpl\u0103 \u2013 m\u00e2ncarea bun\u0103 \u0219i grija fac din oaspe\u021bii no\u0219tri clien\u021bi fideli.&#8221;&gt;<\/p>\r\n\r\n\r\n\r\n<p>&lt;h2&gt;Cel mai bun serviciu de livrare la domiciliu din Motru&lt;\/h2&gt;<\/p>\r\n<\/div>\r\n\r\n\r\n<hr class=\"wp-block-separator\" \/>\r\n\r\n<span class=\"glf-button-default glf-button \" style='background-color:#ef8b17; color:#FFFFFF !important; font-weight:bold; font-size:18px; padding:15px; border-radius:3px; font-family:\"Arial\", sans-serif; '  data-glf-cuid=\"\" data-glf-ruid=\"a0de4067-e786-4eb5-8185-98101ec911a0\"  data-location=\"a0de4067-e786-4eb5-8185-98101ec911a0\">Vezi meniul<\/span><script src=\"https:\/\/www.fbgcdn.com\/embedder\/js\/ewm2.js\" defer async ><\/script><style> .glf-ordering-location > span{display:none;} <\/style>\n\r\n\r\n\r\n<p>&nbsp;<\/p>\r\n","protected":false},"excerpt":{"rendered":"<p>&nbsp; &nbsp;<\/p>\n","protected":false},"author":1,"featured_media":0,"parent":0,"menu_order":0,"comment_status":"closed","ping_status":"closed","template":"","meta":{"footnotes":""},"class_list":["post-13","page","type-page","status-publish","hentry","entry"],"_links":{"self":[{"href":"https:\/\/restaurantvalentina.ro\/index.php\/wp-json\/wp\/v2\/pages\/13","targetHints":{"allow":["GET"]}}],"collection":[{"href":"https:\/\/restaurantvalentina.ro\/index.php\/wp-json\/wp\/v2\/pages"}],"about":[{"href":"https:\/\/restaurantvalentina.ro\/index.php\/wp-json\/wp\/v2\/types\/page"}],"author":[{"embeddable":true,"href":"https:\/\/restaurantvalentina.ro\/index.php\/wp-json\/wp\/v2\/users\/1"}],"replies":[{"embeddable":true,"href":"https:\/\/restaurantvalentina.ro\/index.php\/wp-json\/wp\/v2\/comments?post=13"}],"version-history":[{"count":1,"href":"https:\/\/restaurantvalentina.ro\/index.php\/wp-json\/wp\/v2\/pages\/13\/revisions"}],"predecessor-version":[{"id":14,"href":"https:\/\/restaurantvalentina.ro\/index.php\/wp-json\/wp\/v2\/pages\/13\/revisions\/14"}],"wp:attachment":[{"href":"https:\/\/restaurantvalentina.ro\/index.php\/wp-json\/wp\/v2\/media?parent=13"}],"curies":[{"name":"wp","href":"https:\/\/api.w.org\/{rel}","templated":true}]}}